17, 4639
What are the prime factors of 5133452?
2, 251, 5113
List the prime factors of 3051516.
2, 3, 13, 31, 631
List the prime factors of 1773572.
2, 31, 14303
List the prime factors of 12396043.
11, 17, 151, 439
List the prime factors of 458342.
2, 229171
What are the prime factors of 51925?
5, 31, 67
List the prime factors of 16905132.
2, 3, 157, 997
What are the prime factors of 216600?
2, 3, 5, 19
List the prime factors of 15388742.
2, 1051, 7321
What are the prime factors of 9750912?
2, 3, 67, 379
What are the prime factors of 662155?
5, 13, 61, 167
List the prime factors of 643199.
643199
List the prime factors of 208190.
2, 5, 109, 191
List the prime factors of 1795279.
1795279
What are the prime factors of 215186?
2, 17, 6329
What are the prime factors of 7880983?
11, 716453
List the prime factors of 1167132.
2, 3, 19, 5119
What are the prime factors of 2934868?
2, 47, 67, 233
List the prime factors of 2171268.
2, 3, 11, 5483
What are the prime factors of 754682?
2, 401, 941
What are the prime factors of 576722?
2, 288361
List the prime factors of 6089308.
2, 757, 2011
List the prime factors of 135885.
3, 5, 9059
What are the prime factors of 3729106?
2, 1864553
What are the prime factors of 622032?
2, 3, 12959
What are the prime factors of 374526?
2, 3, 20807
List the prime factors of 467901.
3, 7, 1061
List the prime factors of 3723380.
2, 5, 83, 2243
List the prime factors of 9623822.
2, 13, 370147
What are the prime factors of 2072541?
3, 191, 3617
List the prime factors of 84617.
13, 23, 283
List the prime factors of 33264951.
3, 2381, 4657
What are the prime factors of 143638?
2, 11, 6529
List the prime factors of 898251.
3, 299417
List the prime factors of 1563434.
2, 19, 41143
What are the prime factors of 8824340?
2, 5, 7, 63031
What are the prime factors of 1387718?
2, 693859
List the prime factors of 18339877.
337, 54421
What are the prime factors of 1004149?
211, 4759
List the prime factors of 9867958.
2, 4933979
List the prime factors of 144715.
5, 103, 281
List the prime factors of 306250.
2, 5, 7
What are the prime factors of 533888?
2, 43, 97
List the prime factors of 234561.
3, 41, 1907
List the prime factors of 1505601.
3, 55763
What are the prime factors of 368858?
2, 7, 26347
List the prime factors of 2936442.
2, 3, 489407
List the prime factors of 795434.
2, 463, 859
What are the prime factors of 1907689?
7, 17, 23, 41
What are the prime factors of 947633?
29, 41, 797
What are the prime factors of 5965942?
2, 2982971
What are the prime factors of 8388359?
7, 193, 887
List the prime factors of 20453.
113, 181
List the prime factors of 356383.
19, 18757
List the prime factors of 6775774.
2, 3387887
What are the prime factors of 431549?
23, 29, 647
List the prime factors of 7933941.
3, 53, 16633
List the prime factors of 13465337.
263, 51199
List the prime factors of 2131123.
29, 43, 1709
List the prime factors of 88000.
2, 5, 11
List the prime factors of 7870774.
2, 29, 97, 1399
List the prime factors of 182328.
2, 3, 71, 107
What are the prime factors of 9834802?
2, 4917401
List the prime factors of 2297502.
2, 3, 109, 1171
List the prime factors of 528380.
2, 5, 29, 911
What are the prime factors of 167291?
173, 967
List the prime factors of 858337.
23, 67, 557
What are the prime factors of 5812531?
31, 97, 1933
What are the prime factors of 41738?
2, 41, 509
What are the prime factors of 3023911?
11, 67, 373
List the prime factors of 12111371.
12111371
What are the prime factors of 77962?
2, 17, 2293
List the prime factors of 467878.
2, 233939
What are the prime factors of 6281205?
3, 5, 7, 163, 367
What are the prime factors of 3575483?
3575483
List the prime factors of 12337906.
2, 7, 125897
What are the prime factors of 1239093?
3, 37, 61
List the prime factors of 98600.
2, 5, 17, 29
What are the prime factors of 2232913?
29, 37, 2081
What are the prime factors of 19022484?
2, 3, 13, 61, 1999
What are the prime factors of 11098015?
5, 181, 12263
What are the prime factors of 118935?
3, 5, 881
What are the prime factors of 309009?
3, 17, 73, 83
What are the prime factors of 3663406?
2, 1831703
List the prime factors of 30897.
3, 3433
What are the prime factors of 1188403?
37, 32119
What are the prime factors of 20313?
3, 37, 61
What are the prime factors of 255465?
3, 5, 7, 811
List the prime factors of 770451.
3, 11, 37, 631
List the prime factors of 1028513.
941, 1093
What are the prime factors of 1312190?
2, 5, 11, 79, 151
List the prime factors of 639941.
639941
What are the prime factors of 17019410?
2, 5, 71, 23971
List the prime factors of 186946.
2, 211, 443
List the prime factors of 690257.
107, 6451
List the prime factors of 11314218.
2, 3, 1885703
List the prime factors of 208828.
2, 17, 37, 83
List the prime factors of 12474270.
2, 3, 5, 47, 983
List the prime factors of 606893.
7, 181, 479
What are the prime factors of 2291138?
2, 359, 3191
List the prime factors of 1457214.
2, 3, 11, 22079
List the prime factors of 423195.
3, 5, 89, 317
List the prime factors of 7493117.
7493117
What are the prime factors of 116849?
116849
What are the prime factors of 207509?
207509
List the prime factors of 4652666.
2, 31, 101, 743
List the prime factors of 1324937.
653, 2029
What are the prime factors of 27593193?
3, 17, 31, 563
List the prime factors of 3350130.
2, 3, 5, 7, 43, 53
What are the prime factors of 1334012?
2, 333503
What are the prime factors of 11104786?
2, 7, 11, 72109
What are the prime factors of 95734?
2, 151, 317
List the prime factors of 754346.
2, 377173
What are the prime factors of 2198527?
2198527
List the prime factors of 13654313.
1151, 11863
List the prime factors of 11185238.
2, 307, 18217
List the prime factors of 446427.
3, 49603
What are the prime factors of 17216758?
2, 13, 47, 73, 193
List the prime factors of 3779.
3779
What are the prime factors of 1169997?
3, 389999
What are the prime factors of 9286146?
2, 3, 109, 4733
List the prime factors of 14530014.
2, 3, 577, 1399
What are the prime factors of 3044240?
2, 5, 38053
What are the prime factors of 123408?
2, 3, 857
What are the prime factors of 84318?
2, 3, 13, 23, 47
List the prime factors of 3216160.
2, 5, 20101
List the prime factors of 1995779.
19, 23, 4567
List the prime factors of 316637.
316637
List the prime factors of 173232.
2, 3, 401
What are the prime factors of 10331850?
2, 3, 5, 68879
What are the prime factors of 1713572?
2, 7, 19, 3221
What are the prime factors of 4158522?
2, 3, 103, 2243
List the prime factors of 1678462.
2, 29, 43, 673
What are the prime factors of 16949822?
2, 8474911
What are the prime factors of 1237170?
2, 3, 5, 11, 23, 163
What are the prime factors of 1302434?
2, 7, 31, 3001
What are the prime factors of 3092867?
37, 83591
What are the prime factors of 1638304?
2, 51197
List the prime factors of 1100190.
2, 3, 5, 7, 13, 31
List the prime factors of 13538012.
2, 29, 116707
What are the prime factors of 232993?
151, 1543
What are the prime factors of 31352?
2, 3919
What are the prime factors of 201743?
201743
What are the prime factors of 20889806?
2, 7, 1163, 1283
What are the prime factors of 784552?
2, 281, 349
What are the prime factors of 10519924?
2, 23, 29, 3943
What are the prime factors of 6081333?
3, 2027111
List the prime factors of 1257162.
2, 3, 191, 1097
What are the prime factors of 1601043?
3, 17, 31393
What are the prime factors of 3156942?
2, 3, 526157
What are the prime factors of 225475?
5, 29, 311
What are the prime factors of 302332?
2, 75583
List the prime factors of 643479.
3, 191, 1123
What are the prime factors of 3348944?
2, 37, 5657
What are the prime factors of 59380?
2, 5, 2969
List the prime factors of 106559.
23, 41, 113
List the prime factors of 2413518.
2, 3, 402253
What are the prime factors of 2259189?
3, 283, 887
List the prime factors of 10170154.
2, 1621, 3137
List the prime factors of 2667915.
3, 5, 101, 587
List the prime factors of 833401.
337, 2473
List the prime factors of 10389202.
2, 5194601
What are the prime factors of 1206382?
2, 603191
What are the prime factors of 8517650?
2, 5, 170353
List the prime factors of 4141745.
5, 828349
List the prime factors of 3993741.
3, 443749
List the prime factors of 2090248.
2, 261281
List the